of 928 and 121974?
58
Calculate the greatest common factor of 224 and 6848.
32
Calculate the highest common divisor of 116 and 157876.
116
What is the highest common divisor of 5896 and 1636877?
737
What is the highest common factor of 2258558 and 3606?
1202
What is the highest common divisor of 180 and 176900?
20
What is the highest common factor of 451 and 517?
11
What is the highest common factor of 21605 and 580?
145
Calculate the highest common factor of 17 and 1200948.
17
What is the highest common divisor of 21275 and 1472?
23
What is the greatest common divisor of 325 and 287963?
13
Calculate the highest common divisor of 1161852 and 16.
4
Calculate the greatest common factor of 13800 and 25668.
276
Calculate the greatest common divisor of 6400 and 784.
16
Calculate the greatest common factor of 23112 and 6804.
108
What is the greatest common divisor of 435005 and 723?
241
Calculate the highest common divisor of 78 and 435.
3
Calculate the highest common factor of 74316 and 264.
132
Calculate the highest common factor of 551 and 8437463.
551
Calculate the highest common factor of 2680 and 7440.
40
What is the greatest common divisor of 3 and 783639?
3
What is the greatest common factor of 1096 and 76994?
274
What is the greatest common factor of 21127 and 370?
37
What is the greatest common factor of 10252375 and 350?
175
What is the greatest common divisor of 42 and 14686?
14
Calculate the highest common factor of 66 and 9209409.
33
What is the highest common divisor of 127906 and 62?
62
What is the greatest common factor of 180405 and 190?
95
What is the highest common divisor of 22 and 595331?
11
What is the highest common divisor of 20 and 81240?
20
Calculate the greatest common divisor of 3042 and 1188.
18
What is the highest common factor of 65004 and 240?
12
Calculate the greatest common divisor of 5145 and 53355.
15
What is the highest common divisor of 1253 and 31683?
179
What is the highest common divisor of 595 and 49155?
5
Calculate the greatest common factor of 6100 and 2600.
100
What is the highest common factor of 9768 and 108?
12
Calculate the greatest common factor of 8500 and 3060.
340
Calculate the highest common divisor of 867139 and 676.
169
Calculate the highest common factor of 45 and 9458685.
45
What is the greatest common factor of 14640 and 5440?
80
What is the highest common factor of 13 and 261157?
13
What is the greatest common divisor of 426 and 11360?
142
What is the greatest common factor of 555 and 12165?
15
What is the highest common divisor of 100 and 28900?
100
Calculate the highest common divisor of 855 and 4805.
5
Calculate the greatest common divisor of 58 and 1086079.
29
What is the greatest common factor of 64104 and 8?
8
Calculate the highest common factor of 1840392 and 99.
9
Calculate the highest common divisor of 28471 and 18847.
401
What is the greatest common factor of 4172 and 1148?
28
Calculate the highest common divisor of 193 and 263831.
193
Calculate the greatest common factor of 10878 and 1078.
98
Calculate the greatest common factor of 1908671 and 3177.
353
What is the greatest common divisor of 20 and 1074260?
20
What is the highest common divisor of 1067428 and 472?
236
What is the highest common factor of 437481 and 2916?
81
Calculate the greatest common divisor of 3088 and 2170478.
386
Calculate the highest common factor of 1140 and 18750.
30
What is the greatest common divisor of 85316 and 175?
7
Calculate the highest common divisor of 11 and 262152.
11
What is the highest common divisor of 192 and 404208?
48
What is the greatest common factor of 192800 and 300?
100
Calculate the greatest common factor of 106555 and 202.
101
Calculate the greatest common divisor of 127416 and 24.
24
What is the greatest common divisor of 20227 and 1611?
179
Calculate the highest common divisor of 384 and 408.
24
Calculate the highest common divisor of 93340 and 78.
26
Calculate the greatest common factor of 213 and 1299.
3
Calculate the greatest common divisor of 570 and 282435.
285
Calculate the highest common factor of 214 and 579298.
214
What is the highest common factor of 317433 and 57?
57
What is the greatest common factor of 329 and 10904?
47
What is the greatest common factor of 1642797 and 3?
3
Calculate the highest common factor of 3883 and 407.
11
What is the greatest common divisor of 1792 and 17668?
28
What is the greatest common divisor of 5623815 and 2775?
555
Calculate the highest common factor of 10855 and 455.
65
What is the highest common divisor of 50451 and 753?
753
What is the greatest common divisor of 4206 and 1158?
6
Calculate the highest common factor of 9 and 1257.
3
What is the greatest common divisor of 24 and 227856?
24
Calculate the highest common divisor of 448523 and 115.
23
Calculate the highest common divisor of 102 and 2410566.
102
What is the highest common divisor of 2983 and 475?
19
Calculate the greatest common divisor of 261502 and 106.
106
What is the highest common factor of 512 and 8?
8
What is the highest common factor of 28665 and 11895?
195
What is the greatest common factor of 18462 and 204?
102
Calculate the greatest common divisor of 11600 and 112.
16
What is the highest common factor of 43246 and 350?
14
Calculate the greatest common factor of 622111 and 7.
7
What is the highest common divisor of 1251 and 6?
3
Calculate the greatest common divisor of 3996 and 16.
4
What is the highest common factor of 522 and 32799?
87
What is the highest common factor of 136050 and 1200?
150
What is the greatest common divisor of 14375 and 184?
23
What is the highest common divisor of 452330 and 20?
10
Calculate the greatest common divisor of 253 and 368782.
23
Calculate the greatest common factor of 135 and 44091.
27
Calculate the greatest common divisor of 3155 and 145.
5
Calculate the greatest common divisor of 114239 and 5751.
71
What is the highest common factor of 1734 and 666434?
578
Calculate the highest common divisor of 479730 and 150.
30
What is the highest common divisor of 190490 and 258?
86
Calculate the greatest common factor of 117 and 172197.
9
Calculate the greatest common factor of 40 and 1012.
4
Calculate the highest common divisor of 284 and 5086724.
284
What is the greatest common divisor of 24 and 206660?
4
Calculate the greatest common divisor of 249108 and 204.
12
What is the greatest common factor of 74629 and 185?
37
Calculate the greatest common factor of 2328 and 345999.
291
Calculate the greatest common divisor of 1445 and 260525.
85
What is the highest common divisor of 3089044 and 28?
28
Calculate the greatest common divisor of 90 and 35001.
9
What is the highest common divisor of 45 and 18705?
15
Calculate the highest common factor of 961610 and 39.
13
What is the highest common factor of 83259 and 522?
261
Calculate the highest common factor of 360 and 91305.
45
What is the highest common factor of 231250 and 444?
74
What is the highest common factor of 710696 and 296?
296
Calculate the greatest common factor of 98 and 2737.
7
What is the highest common factor of 5792 and 352?
32
Calculate the greatest common factor of 2 and 1147618.
2
What is the highest common divisor of 217481 and 17?
17
Calculate the greatest common factor of 8517 and 14529.
501
What is the highest common factor of 76473 and 435?
87
Calculate the greatest common divisor of 153 and 6498.
9
What is the highest common divisor of 4760 and 79800?
280
What is the highest common divisor of 31002 and 642?
6
Calculate the highest common divisor of 339810 and 282.
282
Calculate the greatest common divisor of 17932 and 12.
4
Calculate the greatest common factor of 6 and 305098.
2
What is the greatest common divisor of 854864 and 19392?
1616
Calculate the highest common factor of 55 and 1018985.
55
What is the highest common divisor of 20 and 66135?
5
What is the greatest common factor of 1866 and 4119?
3
What is the highest common factor of 1971 and 2403?
27
What is the greatest common factor of 147 and 31965?
3
Calculate the greatest common divisor of 15372 and 69601.
427
Calculate the highest common divisor of 1001 and 190736.
91
What is the greatest common divisor of 165852 and 4896?
612
What is the highest common divisor of 1836751 and 262?
131
What is the h